base 15) to base 5.
-3
Convert -111 (base 2) to base 9.
-7
Convert -53 (base 8) to base 10.
-43
What is 72 (base 10) in base 2?
1001000
20 (base 4) to base 2
1000
Convert -2 (base 13) to base 10.
-2
20 (base 3) to base 5
11
-115 (base 9) to base 15
-65
4 (base 5) to base 12
4
What is -5 (base 15) in base 3?
-12
3 (base 9) to base 11
3
Convert 34 (base 14) to base 12.
3a
Convert -14 (base 8) to base 9.
-13
What is 12 (base 15) in base 4?
101
-11 (base 2) to base 11
-3
Convert -17 (base 8) to base 7.
-21
-144 (base 5) to base 13
-3a
-3 (base 11) to base 14
-3
Convert 2 (base 12) to base 15.
2
What is 88 (base 11) in base 5?
341
0 (base 9) to base 11
0
What is -3 (base 8) in base 13?
-3
What is -201 (base 3) in base 4?
-103
-20 (base 15) to base 4
-132
What is 2 (base 4) in base 5?
2
What is -2 (base 13) in base 10?
-2
What is 3 (base 9) in base 3?
10
Convert 101 (base 3) to base 7.
13
Convert -140 (base 8) to base 15.
-66
Convert 37 (base 15) to base 2.
110100
What is 0 (base 8) in base 15?
0
Convert -110100 (base 2) to base 6.
-124
What is 136 (base 7) in base 10?
76
Convert -47 (base 8) to base 14.
-2b
Convert -3 (base 6) to base 15.
-3
56 (base 14) to base 8
114
-b (base 12) to base 7
-14
What is 9 (base 15) in base 13?
9
What is -1 (base 6) in base 16?
-1
What is -104 (base 5) in base 7?
-41
Convert -3 (base 7) to base 11.
-3
What is -21 (base 4) in base 11?
-9
Convert 0 (base 12) to base 3.
0
What is 302 (base 6) in base 15?
75
What is -1010 (base 2) in base 14?
-a
Convert 128 (base 9) to base 3.
10222
2042 (base 5) to base 8
420
Convert -1000 (base 2) to base 9.
-8
-167 (base 8) to base 15
-7e
Convert 0 (base 15) to base 11.
0
Convert 13 (base 10) to base 16.
d
Convert 112 (base 3) to base 6.
22
What is 1a6 (base 11) in base 5?
1422
87 (base 9) to base 14
59
Convert -1020 (base 3) to base 6.
-53
-46 (base 7) to base 8
-42
2 (base 9) to base 10
2
-13 (base 4) to base 7
-10
What is -9 (base 10) in base 9?
-10
What is -10 (base 6) in base 12?
-6
23 (base 8) to base 15
14
9 (base 12) to base 6
13
Convert -1c (base 16) to base 14.
-20
Convert 328 (base 9) to base 4.
10031
Convert -cf (base 16) to base 5.
-1312
Convert 6 (base 7) to base 11.
6
What is -5 (base 15) in base 6?
-5
-3 (base 11) to base 3
-10
What is -1002 (base 3) in base 15?
-1e
-3 (base 4) to base 8
-3
-1 (base 16) to base 10
-1
Convert -302 (base 4) to base 3.
-1212
What is 11011011 (base 2) in base 10?
219
What is 1 (base 14) in base 11?
1
-22 (base 13) to base 3
-1001
-6 (base 14) to base 7
-6
-102 (base 14) to base 8
-306
Convert 3 (base 13) to base 15.
3
-4 (base 9) to base 2
-100
What is 4 (base 16) in base 2?
100
Convert 10 (base 2) to base 11.
2
What is -2 (base 3) in base 14?
-2
What is 0 (base 13) in base 7?
0
What is 110010 (base 2) in base 3?
1212
What is 9 (base 10) in base 15?
9
Convert -19 (base 14) to base 4.
-113
What is 5 (base 12) in base 8?
5
Convert 25 (base 13) to base 16.
1f
What is -123 (base 4) in base 9?
-30
-5 (base 8) to base 9
-5
26 (base 12) to base 6
50
What is 12 (base 7) in base 13?
9
What is -1 (base 9) in base 3?
-1
-100 (base 2) to base 7
-4
What is -11b (base 14) in base 3?
-22012
102 (base 8) to base 9
73
What is 356 (base 9) in base 16?
126
Convert 28 (base 11) to base 14.
22
-110 (base 10) to base 4
-1232
What is -b (base 14) in base 16?
-b
What is 62 (base 8) in base 3?
1212
What is 300 (base 4) in base 11?
44
Convert 8 (base 15) to base 4.
20
-124 (base 8) to base 9
-103
Convert 0 (base 16) to base 5.
0
Convert -2 (base 10) to base 5.
-2
What is -1123 (base 4) in base 13?
-70
What is 13 (base 8) in base 7?
14
Convert -1111100 (base 2) to base 9.
-147
What is -230 (base 4) in base 3?
-1122
-12 (base 3) to base 5
-10
What is 120 (base 4) in base 6?
40
What is -2 (base 15) in base 11?
-2
What is -101011 (base 2) in base 13?
-34
1213 (base 4) to base 7
205
-9 (base 14) to base 10
-9
What is 6 (base 12) in base 11?
6
-4 (base 14) to base 7
-4
Convert -24 (base 6) to base 2.
-10000
What is 15 (base 16) in base 7?
30
11 (base 9) to base 5
20
-23 (base 6) to base 2
-1111
Convert 50 (base 6) to base 16.
1e
What is -3 (base 9) in base 6?
-3
What is 60 (base 15) in base 12?
76
-10 (base 10) to base 4
-22
What is 34 (base 5) in base 14?
15
1 (base 6) to base 10
1
Convert -4 (base 14) to base 12.
-4
What is 2 (base 7) in base 3?
2
What is 4 (base 11) in base 3?
11
Convert -30 (base 5) to base 9.
-16
-101 (base 2) to base 6
-5
What is 20100 (base 3) in base 13?
102
Convert -2 (base 13) to base 4.
-2
6 (base 15) to base 11
6
What is -2c (base 15) in base 8?
-52
What is -3 (base 10) in base 15?
-3
What is 2 (base 10) in base 3?
2
What is -3 (base 11) in base 6?
-3
What is -10 (base 16) in base 15?
-11
-b (base 15) to base 6
-15
a (base 11) to base 8
12
What is -1 (base 6) in base 3?
-1
What is 1 (base 3) in base 12?
1
Convert 1033 (base 4) to base 7.
142
-4 (base 11) to base 13
-4
What is -19 (base 16) in base 11?
-23
Convert -2 (base 14) to base 3.
-2
What is -4 (base 6) in base 3?
-11
What is -7 (base 12) in base 9?
-7
Convert 119 (base 13) to base 12.
13b
-7 (base 14) to base 16
-7
13 (base 11) to base 10
14
Convert -13 (base 10) to base 5.
-23
Convert -1010100 (base 2) to base 3.
-10010
What is 99 (base 12) in base 14?
85
What is -2 (base 7) in base 6?
-2
Convert -95 (base 10) to base 3.
-10112
Convert -45 (base 15) to base 3.
-2102
7 (base 16) to base 9
7
12 (base 10) to base 3
110
3 (base 16) to base 6
3
Convert 0 (base 15) to base 2.
0
Convert -2 (base 14) to base 11.
-2
1 (base 10) to base 6
1
What is 12 (base 13) in base 4?
33
0 (base 10) to base 7
0
79 (base 14) to base 10
107
Convert 101000 (base 2) to base 4.
220
Convert -100 (base 5) to base 12.
-21
What is 7 (base 16) in base 9?
7
What is 101 (base 3) in base 4?
22
What is -1 (base 3) in base 11?
-1
What is -7 (base 16) in base 12?
-7
Convert -1 (base 2) to base 7.
-1
Convert 21 (base 3) to base 15.
7
Convert -1200 (base 3) to base 12.
-39
What is -13 (base 13) in base 10?
-16
What is -5 (base 13) in base 9?
-5
-101101000 (base 2) to base 11
-2a8
Convert 12 (base 4) to base 5.
11
Convert 4 (base 8) to base 3.
11
Convert 27 (base 14) to base 5.
120
What is -7 (base 16) in base 10?
-7
-11 (base 3) to base 7
-4
What is -1000000 (base 2) in base 16?
-40
-2a (base 11) to base 3
-1012
12 (base 5) to base 2
111
What is 1 (base 15) in base 6?
1
What is -3 (base 11) in base 4?
-3
What is -2 (base 16) in base 3?
-2
Convert 21 (base 6) to base 3.
111
Convert -1 (base 15) to base 11.
-1
Convert -28 (base 9) to base 8.
-32
Convert 85 (base 10) to base 2.
1010101
What is -1003 (base 5) in base 15?
-88
Convert 31 (base 9) to base 14.
20
What is 354 (base 9) in base 13?
196
11 (base 6) to base 11
7
What is -47 (base 9) in base 14?
-31
Convert -2 (base 10) to base 5.
-2
What is -60 (base 11) in base 15?
-46
Convert 7 (base 14) to base 4.
13
What is 12 (base 6) in base 12?
8
What is -3122 (base 4) in base 7?
-431
13 (base 14) to base 12
15
What is -12 (base 6) in base 14?
-8
What is 2 (base 15) in base 13?
2
What is 9 (base 14) in base 16?
9
-37 (base 12) to base 9
-47
What is -3b (base 13) in base 12?
-42
19 (base 15) to base 13
1b
What is -12 (base 6) in base 3?
-22
Convert -10 (base 10) to base 2.
-1010
Convert 22 (base 4) to base 5.
20
Convert 22 (base 6) to base 11.
13
3 (base 12) to base 3
10
Convert -10 (base 2) to base 3.
-2
-1120 (base 4) to base 5
-323
Convert 12 (base 12) to base 10.
14
11101 (base 2) to base 12
25
Convert -1204 (base 5) to base 7.
-344
Convert -2 (base 16) to base 6.
-2
What is -16 (base 11) in base 2?
-10001
-1001100 (base 2) to base 9
-84
12 (base 11) to base 7
16
100111110 (base 2) to base 11
26a
What is -38 (base 14) in base 6?
-122
What is -333 (base 5) in base 2?
-1011101
Convert -11011 (base 2) to base 8.
-33
-66 (base 10) to base 7
-123
Convert -153 (base 6) to base 5.
-234
Convert 11 (base 2) to base 6.
3
What is 1a0 (base 14) in base 11?
286
-113 (base 5) to base 8
-41
What is 144 (base 7) in base 2?
1010001
What is -28 (base 16) in base 6?
-104
What is -10101111 (base 2) in base 3?
-20111
Convert -41 (base 6) to base 4.
-121
Convert 0 (base 4) to base 2.
0
What is 3b (base 12) in base 3?
1202
Convert 5 (base 13) to base 10.
5
Convert 1 (base 3) to base 13.
1
What i